{"id":4436,"date":"2020-10-08T11:17:11","date_gmt":"2020-10-08T14:17:11","guid":{"rendered":"https:\/\/obandeirante.com.br\/?page_id=4436"},"modified":"2022-01-26T15:15:12","modified_gmt":"2022-01-26T18:15:12","slug":"editais","status":"publish","type":"page","link":"https:\/\/obandeirante.com.br\/?page_id=4436","title":{"rendered":"Editais"},"content":{"rendered":"\n<p class=\"wp-block-paragraph\"><strong>EDITAL DE CONVOCA\u00c7\u00c3O DAS ELEI\u00c7\u00d5ES DE DIRETORES DA ASSOCIA\u00c7\u00c3O DOS PESCADORES DE BOI\u00c7UCANGA, S\u00c3O SEBASTI\u00c3O-SP, PARA O TRI\u00caNIO 2022-2025<\/strong><\/p>\n\n\n\n<p class=\"wp-block-paragraph\"><strong>ASSOCIA\u00c7\u00c3O DOS PESCADORES DE BOI\u00c7UCANGA<\/strong><\/p>\n\n\n\n<p class=\"wp-block-paragraph\">As elei\u00e7\u00f5es para a escolha dos membros da Diretoria e do Conselho Fiscal, da Associa\u00e7\u00e3o dos Pescadores de Boi\u00e7ucanga, para mandato de 03 (tr\u00eas) anos, ser\u00e3o realizadas nos seguintes termos:<\/p>\n\n\n\n<ol class=\"wp-block-list\" type=\"1\"><li>Ser\u00e3o eleitos para diretoria da Associa\u00e7\u00e3o dos Pescadores de Boi\u00e7ucanga, chapas que n\u00e3o estejam juridicamente constitu\u00eddas, contendo 06 (seis) membros assim discriminados: 01 (um) Presidente, 01 (um) Vice-Presidente, 02 (dois) secret\u00e1rios e 02 (dois) tesoureiros.<\/li><li>As inscri\u00e7\u00f5es de chapas ser\u00e3o realizadas junto ao Rancho (pra\u00e7a dos pescadores), sito \u00e0 Rua Hilari\u00e3o Cris\u00f3logo de Matos, 01, Boi\u00e7ucanga, S\u00e3o Sebasti\u00e3o-SP, juntamente com a Comiss\u00e3o Eleitoral da Associa\u00e7\u00e3o dos Pescadores, no per\u00edodo de 29\/01\/2022 \u00e0 06\/02\/2022, das 09:00 \u00e0s 13:00.<\/li><li>As fichas de inscri\u00e7\u00f5es ser\u00e3o preenchidas em 02 (duas) vias, devendo conter os seguintes documentos: <strong>a) \u2013 <\/strong>Rela\u00e7\u00e3o dos candidatos; <strong>b) \u2013 <\/strong>Ficha de Inscri\u00e7\u00e3o de cada membro das chapas devidamente preenchidas; <strong>c) \u2013 <\/strong>Documento pessoal com foto; <strong>d) \u2013 <\/strong>C\u00f3pia do comprovante de resid\u00eancia.<\/li><\/ol>\n\n\n\n<p class=\"wp-block-paragraph\">Par\u00e1grafo Primeiro \u2013 A ficha de inscri\u00e7\u00e3o da chapa dever\u00e1 ser assinada pelo candidato a presidente, devendo conter obrigatoriamente a denomina\u00e7\u00e3o da referida chapa;<\/p>\n\n\n\n<p class=\"wp-block-paragraph\">Par\u00e1grafo Segundo \u2013 Para concorrer a qualquer dos cargos da Diretoria da Associa\u00e7\u00e3o, dever\u00e1 o interessado ter no m\u00ednimo 18 (dezoito) anos completos na data da inscri\u00e7\u00e3o, ser s\u00f3cio da Associa\u00e7\u00e3o dos Pescadores de Boi\u00e7ucanga.<\/p>\n\n\n\n<ul class=\"wp-block-list\"><li>O n\u00famero atribu\u00eddo a cada uma das chapas dever ser definido pela ordem de protocolo da inscri\u00e7\u00e3o;<\/li><li>Transcorrido o prazo das inscri\u00e7\u00f5es, os candidatos ter\u00e3o o prazo de 05 (cinco) dias para apresentar impugna\u00e7\u00e3o (por escrito) referente a inscri\u00e7\u00e3o de chapa ou candidato, que dever\u00e1 ser analisada e julgada pela Comiss\u00e3o Eleitoral.<\/li><li>A Elei\u00e7\u00e3o ocorrer\u00e1 no dia 22 de fevereiro de 2022, das 09:00 \u00e0s 17:00, no local pr\u00e9-estipulado pela Comiss\u00e3o Eleitoral, sito \u00e0 Rua Hilari\u00e3o Cris\u00f3logo de Matos, 01, Boi\u00e7ucanga, S\u00e3o Sebasti\u00e3o-SP.<\/li><li>Para controle e confer\u00eancia dos eleitores ser\u00e1 utilizado o livro de presen\u00e7a;<\/li><li>Poder\u00e1 votar qualquer cidad\u00e3o que mantiver v\u00ednculo com Associa\u00e7\u00e3o dos Pescadores de Boi\u00e7ucanga (associados), devidamente comprovado;<\/li><li>Ter\u00e1 direito de votar aquele que possuir, na data das elei\u00e7\u00f5es 16 (dezesseis) anos de idade, munido de documento com foto;<\/li><li>Cada associado ter\u00e1 direito a apenas 01 (um) voto;<\/li><li>A apura\u00e7\u00e3o do resultado ser\u00e1 feita pela Junta Eleitoral, logo ap\u00f3s o encerramento da vota\u00e7\u00e3o, e dever\u00e1 ser realizada na presen\u00e7a de, no m\u00ednimo, um fiscal de cada chapa, mediante elabora\u00e7\u00e3o de Ata constando o resultado da apura\u00e7\u00e3o, bem como a assinatura de todos os presentes;<\/li><li>Ser\u00e1 declarada vencedora a chapa que obtiver maioria simples dos votos v\u00e1lidos, com qualquer qu\u00f3rum de votantes;<\/li><li>A posse da Diretoria eleita para o tri\u00eanio 2022-2025 ocorrer\u00e1 no terceiro dia \u00fatil ap\u00f3s a elei\u00e7\u00e3o;<\/li><li>Quando houver apenas uma chapa inscrita, esta ser\u00e1 declarada automaticamente vencedora por aclama\u00e7\u00e3o n\u00e3o necessitando existir processo de elei\u00e7\u00e3o;<\/li><\/ul>\n\n\n\n<p class=\"wp-block-paragraph\">S\u00e3o Sebasti\u00e3o, 26 de janeiro de 2022<\/p>\n\n\n\n<p class=\"wp-block-paragraph\"><strong><em>Di\u00f3genes de Matos<\/em><\/strong><\/p>\n\n\n\n<p class=\"wp-block-paragraph\"><strong><em>Presidente da Comiss\u00e3o Eleitoral<\/em><\/strong><\/p>\n","protected":false},"excerpt":{"rendered":"<p>EDITAL DE CONVOCA\u00c7\u00c3O DAS ELEI\u00c7\u00d5ES DE DIRETORES DA ASSOCIA\u00c7\u00c3O DOS PESCADORES DE BOI\u00c7UCANGA, S\u00c3O SEBASTI\u00c3O-SP, PARA O TRI\u00caNIO 2022-2025 ASSOCIA\u00c7\u00c3O DOS PESCADORES DE BOI\u00c7UCANGA As elei\u00e7\u00f5es para a escolha dos membros da Diretoria e do Conselho Fiscal, da Associa\u00e7\u00e3o dos Pescadores de Boi\u00e7ucanga, para mandato de 03 (tr\u00eas) anos, ser\u00e3o realizadas nos seguintes termos: Ser\u00e3o [&hellip;]<\/p>\n","protected":false},"author":1,"featured_media":0,"parent":0,"menu_order":0,"comment_status":"closed","ping_status":"closed","template":"","meta":{"footnotes":""},"class_list":["post-4436","page","type-page","status-publish","hentry"],"yoast_head":"<!-- This site is optimized with the Yoast SEO plugin v28.3 - https:\/\/yoast.com\/product\/yoast-seo-wordpress\/ -->\n<title>Editais - O Bandeirante<\/title>\n<meta name=\"robots\" content=\"index, follow, max-snippet:-1, max-image-preview:large, max-video-preview:-1\" \/>\n<link rel=\"canonical\" href=\"https:\/\/obandeirante.com.br\/?page_id=4436\" \/>\n<meta property=\"og:locale\" content=\"pt_BR\" \/>\n<meta property=\"og:type\" content=\"article\" \/>\n<meta property=\"og:title\" content=\"Editais - O Bandeirante\" \/>\n<meta property=\"og:description\" content=\"EDITAL DE CONVOCA\u00c7\u00c3O DAS ELEI\u00c7\u00d5ES DE DIRETORES DA ASSOCIA\u00c7\u00c3O DOS PESCADORES DE BOI\u00c7UCANGA, S\u00c3O SEBASTI\u00c3O-SP, PARA O TRI\u00caNIO 2022-2025 ASSOCIA\u00c7\u00c3O DOS PESCADORES DE BOI\u00c7UCANGA As elei\u00e7\u00f5es para a escolha dos membros da Diretoria e do Conselho Fiscal, da Associa\u00e7\u00e3o dos Pescadores de Boi\u00e7ucanga, para mandato de 03 (tr\u00eas) anos, ser\u00e3o realizadas nos seguintes termos: Ser\u00e3o [&hellip;]\" \/>\n<meta property=\"og:url\" content=\"https:\/\/obandeirante.com.br\/?page_id=4436\" \/>\n<meta property=\"og:site_name\" content=\"O Bandeirante\" \/>\n<meta property=\"article:modified_time\" content=\"2022-01-26T18:15:12+00:00\" \/>\n<meta name=\"twitter:card\" content=\"summary_large_image\" \/>\n<meta name=\"twitter:label1\" content=\"Est. reading time\" \/>\n\t<meta name=\"twitter:data1\" content=\"3 minutos\" \/>\n<script type=\"application\/ld+json\" class=\"yoast-schema-graph\">{\"@context\":\"https:\\\/\\\/schema.org\",\"@graph\":[{\"@type\":\"WebPage\",\"@id\":\"https:\\\/\\\/obandeirante.com.br\\\/?page_id=4436\",\"url\":\"https:\\\/\\\/obandeirante.com.br\\\/?page_id=4436\",\"name\":\"Editais - O Bandeirante\",\"isPartOf\":{\"@id\":\"https:\\\/\\\/obandeirante.com.br\\\/#website\"},\"datePublished\":\"2020-10-08T14:17:11+00:00\",\"dateModified\":\"2022-01-26T18:15:12+00:00\",\"breadcrumb\":{\"@id\":\"https:\\\/\\\/obandeirante.com.br\\\/?page_id=4436#breadcrumb\"},\"inLanguage\":\"pt-BR\",\"potentialAction\":[{\"@type\":\"ReadAction\",\"target\":[\"https:\\\/\\\/obandeirante.com.br\\\/?page_id=4436\"]}]},{\"@type\":\"BreadcrumbList\",\"@id\":\"https:\\\/\\\/obandeirante.com.br\\\/?page_id=4436#breadcrumb\",\"itemListElement\":[{\"@type\":\"ListItem\",\"position\":1,\"name\":\"Home\",\"item\":\"https:\\\/\\\/obandeirante.com.br\\\/\"},{\"@type\":\"ListItem\",\"position\":2,\"name\":\"Editais\"}]},{\"@type\":\"WebSite\",\"@id\":\"https:\\\/\\\/obandeirante.com.br\\\/#website\",\"url\":\"https:\\\/\\\/obandeirante.com.br\\\/\",\"name\":\"O Bandeirante\",\"description\":\"O jornal de S\u00e3o Sebasti\u00e3o e Litoral Norte\",\"potentialAction\":[{\"@type\":\"SearchAction\",\"target\":{\"@type\":\"EntryPoint\",\"urlTemplate\":\"https:\\\/\\\/obandeirante.com.br\\\/?s={search_term_string}\"},\"query-input\":{\"@type\":\"PropertyValueSpecification\",\"valueRequired\":true,\"valueName\":\"search_term_string\"}}],\"inLanguage\":\"pt-BR\"}]}<\/script>\n<!-- \/ Yoast SEO plugin. -->","yoast_head_json":{"title":"Editais - O Bandeirante","robots":{"index":"index","follow":"follow","max-snippet":"max-snippet:-1","max-image-preview":"max-image-preview:large","max-video-preview":"max-video-preview:-1"},"canonical":"https:\/\/obandeirante.com.br\/?page_id=4436","og_locale":"pt_BR","og_type":"article","og_title":"Editais - O Bandeirante","og_description":"EDITAL DE CONVOCA\u00c7\u00c3O DAS ELEI\u00c7\u00d5ES DE DIRETORES DA ASSOCIA\u00c7\u00c3O DOS PESCADORES DE BOI\u00c7UCANGA, S\u00c3O SEBASTI\u00c3O-SP, PARA O TRI\u00caNIO 2022-2025 ASSOCIA\u00c7\u00c3O DOS PESCADORES DE BOI\u00c7UCANGA As elei\u00e7\u00f5es para a escolha dos membros da Diretoria e do Conselho Fiscal, da Associa\u00e7\u00e3o dos Pescadores de Boi\u00e7ucanga, para mandato de 03 (tr\u00eas) anos, ser\u00e3o realizadas nos seguintes termos: Ser\u00e3o [&hellip;]","og_url":"https:\/\/obandeirante.com.br\/?page_id=4436","og_site_name":"O Bandeirante","article_modified_time":"2022-01-26T18:15:12+00:00","twitter_card":"summary_large_image","twitter_misc":{"Est. reading time":"3 minutos"},"schema":{"@context":"https:\/\/schema.org","@graph":[{"@type":"WebPage","@id":"https:\/\/obandeirante.com.br\/?page_id=4436","url":"https:\/\/obandeirante.com.br\/?page_id=4436","name":"Editais - O Bandeirante","isPartOf":{"@id":"https:\/\/obandeirante.com.br\/#website"},"datePublished":"2020-10-08T14:17:11+00:00","dateModified":"2022-01-26T18:15:12+00:00","breadcrumb":{"@id":"https:\/\/obandeirante.com.br\/?page_id=4436#breadcrumb"},"inLanguage":"pt-BR","potentialAction":[{"@type":"ReadAction","target":["https:\/\/obandeirante.com.br\/?page_id=4436"]}]},{"@type":"BreadcrumbList","@id":"https:\/\/obandeirante.com.br\/?page_id=4436#breadcrumb","itemListElement":[{"@type":"ListItem","position":1,"name":"Home","item":"https:\/\/obandeirante.com.br\/"},{"@type":"ListItem","position":2,"name":"Editais"}]},{"@type":"WebSite","@id":"https:\/\/obandeirante.com.br\/#website","url":"https:\/\/obandeirante.com.br\/","name":"O Bandeirante","description":"O jornal de S\u00e3o Sebasti\u00e3o e Litoral Norte","potentialAction":[{"@type":"SearchAction","target":{"@type":"EntryPoint","urlTemplate":"https:\/\/obandeirante.com.br\/?s={search_term_string}"},"query-input":{"@type":"PropertyValueSpecification","valueRequired":true,"valueName":"search_term_string"}}],"inLanguage":"pt-BR"}]}},"jetpack_sharing_enabled":true,"jetpack_shortlink":"https:\/\/wp.me\/P8C55D-19y","jetpack-related-posts":[],"_links":{"self":[{"href":"https:\/\/obandeirante.com.br\/index.php?rest_route=\/wp\/v2\/pages\/4436","targetHints":{"allow":["GET"]}}],"collection":[{"href":"https:\/\/obandeirante.com.br\/index.php?rest_route=\/wp\/v2\/pages"}],"about":[{"href":"https:\/\/obandeirante.com.br\/index.php?rest_route=\/wp\/v2\/types\/page"}],"author":[{"embeddable":true,"href":"https:\/\/obandeirante.com.br\/index.php?rest_route=\/wp\/v2\/users\/1"}],"replies":[{"embeddable":true,"href":"https:\/\/obandeirante.com.br\/index.php?rest_route=%2Fwp%2Fv2%2Fcomments&post=4436"}],"version-history":[{"count":2,"href":"https:\/\/obandeirante.com.br\/index.php?rest_route=\/wp\/v2\/pages\/4436\/revisions"}],"predecessor-version":[{"id":4551,"href":"https:\/\/obandeirante.com.br\/index.php?rest_route=\/wp\/v2\/pages\/4436\/revisions\/4551"}],"wp:attachment":[{"href":"https:\/\/obandeirante.com.br\/index.php?rest_route=%2Fwp%2Fv2%2Fmedia&parent=4436"}],"curies":[{"name":"wp","href":"https:\/\/api.w.org\/{rel}","templated":true}]}}

<p class="wp-block-paragraph"><strong>EDITAL DE CONVOCAÇÃO DAS ELEIÇÕES DE DIRETORES DA ASSOCIAÇÃO DOS PESCADORES DE BOIÇUCANGA, SÃO SEBASTIÃO-SP, PARA O TRIÊNIO 2022-2025</strong></p>



<p class="wp-block-paragraph"><strong>ASSOCIAÇÃO DOS PESCADORES DE BOIÇUCANGA</strong></p>



<p class="wp-block-paragraph">As eleições para a escolha dos membros da Diretoria e do Conselho Fiscal, da Associação dos Pescadores de Boiçucanga, para mandato de 03 (três) anos, serão realizadas nos seguintes termos:</p>



<ol class="wp-block-list" type="1"><li>Serão eleitos para diretoria da Associação dos Pescadores de Boiçucanga, chapas que não estejam juridicamente constituídas, contendo 06 (seis) membros assim discriminados: 01 (um) Presidente, 01 (um) Vice-Presidente, 02 (dois) secretários e 02 (dois) tesoureiros.</li><li>As inscrições de chapas serão realizadas junto ao Rancho (praça dos pescadores), sito à Rua Hilarião Crisólogo de Matos, 01, Boiçucanga, São Sebastião-SP, juntamente com a Comissão Eleitoral da Associação dos Pescadores, no período de 29/01/2022 à 06/02/2022, das 09:00 às 13:00.</li><li>As fichas de inscrições serão preenchidas em 02 (duas) vias, devendo conter os seguintes documentos: <strong>a) – </strong>Relação dos candidatos; <strong>b) – </strong>Ficha de Inscrição de cada membro das chapas devidamente preenchidas; <strong>c) – </strong>Documento pessoal com foto; <strong>d) – </strong>Cópia do comprovante de residência.</li></ol>



<p class="wp-block-paragraph">Parágrafo Primeiro – A ficha de inscrição da chapa deverá ser assinada pelo candidato a presidente, devendo conter obrigatoriamente a denominação da referida chapa;</p>



<p class="wp-block-paragraph">Parágrafo Segundo – Para concorrer a qualquer dos cargos da Diretoria da Associação, deverá o interessado ter no mínimo 18 (dezoito) anos completos na data da inscrição, ser sócio da Associação dos Pescadores de Boiçucanga.</p>



<ul class="wp-block-list"><li>O número atribuído a cada uma das chapas dever ser definido pela ordem de protocolo da inscrição;</li><li>Transcorrido o prazo das inscrições, os candidatos terão o prazo de 05 (cinco) dias para apresentar impugnação (por escrito) referente a inscrição de chapa ou candidato, que deverá ser analisada e julgada pela Comissão Eleitoral.</li><li>A Eleição ocorrerá no dia 22 de fevereiro de 2022, das 09:00 às 17:00, no local pré-estipulado pela Comissão Eleitoral, sito à Rua Hilarião Crisólogo de Matos, 01, Boiçucanga, São Sebastião-SP.</li><li>Para controle e conferência dos eleitores será utilizado o livro de presença;</li><li>Poderá votar qualquer cidadão que mantiver vínculo com Associação dos Pescadores de Boiçucanga (associados), devidamente comprovado;</li><li>Terá direito de votar aquele que possuir, na data das eleições 16 (dezesseis) anos de idade, munido de documento com foto;</li><li>Cada associado terá direito a apenas 01 (um) voto;</li><li>A apuração do resultado será feita pela Junta Eleitoral, logo após o encerramento da votação, e deverá ser realizada na presença de, no mínimo, um fiscal de cada chapa, mediante elaboração de Ata constando o resultado da apuração, bem como a assinatura de todos os presentes;</li><li>Será declarada vencedora a chapa que obtiver maioria simples dos votos válidos, com qualquer quórum de votantes;</li><li>A posse da Diretoria eleita para o triênio 2022-2025 ocorrerá no terceiro dia útil após a eleição;</li><li>Quando houver apenas uma chapa inscrita, esta será declarada automaticamente vencedora por aclamação não necessitando existir processo de eleição;</li></ul>



<p class="wp-block-paragraph">São Sebastião, 26 de janeiro de 2022</p>



<p class="wp-block-paragraph"><strong><em>Diógenes de Matos</em></strong></p>



<p class="wp-block-paragraph"><strong><em>Presidente da Comissão Eleitoral</em></strong></p>

<p>EDITAL DE CONVOCAÇÃO DAS ELEIÇÕES DE DIRETORES DA ASSOCIAÇÃO DOS PESCADORES DE BOIÇUCANGA, SÃO SEBASTIÃO-SP, PARA O TRIÊNIO 2022-2025 ASSOCIAÇÃO DOS PESCADORES DE BOIÇUCANGA As eleições para a escolha dos membros da Diretoria e do Conselho Fiscal, da Associação dos Pescadores de Boiçucanga, para mandato de 03 (três) anos, serão realizadas nos seguintes termos: Serão [&hellip;]</p>

<!-- This site is optimized with the Yoast SEO plugin v28.3 - https://yoast.com/product/yoast-seo-wordpress/ -->
<title>Editais - O Bandeirante</title>
<meta name="robots" content="index, follow, max-snippet:-1, max-image-preview:large, max-video-preview:-1" />
<link rel="canonical" href="https://obandeirante.com.br/?page_id=4436" />
<meta property="og:locale" content="pt_BR" />
<meta property="og:type" content="article" />
<meta property="og:title" content="Editais - O Bandeirante" />
<meta property="og:description" content="EDITAL DE CONVOCAÇÃO DAS ELEIÇÕES DE DIRETORES DA ASSOCIAÇÃO DOS PESCADORES DE BOIÇUCANGA, SÃO SEBASTIÃO-SP, PARA O TRIÊNIO 2022-2025 ASSOCIAÇÃO DOS PESCADORES DE BOIÇUCANGA As eleições para a escolha dos membros da Diretoria e do Conselho Fiscal, da Associação dos Pescadores de Boiçucanga, para mandato de 03 (três) anos, serão realizadas nos seguintes termos: Serão [&hellip;]" />
<meta property="og:url" content="https://obandeirante.com.br/?page_id=4436" />
<meta property="og:site_name" content="O Bandeirante" />
<meta property="article:modified_time" content="2022-01-26T18:15:12+00:00" />
<meta name="twitter:card" content="summary_large_image" />
<meta name="twitter:label1" content="Est. reading time" />
	<meta name="twitter:data1" content="3 minutos" />
<script type="application/ld+json" class="yoast-schema-graph">{"@context":"https:\/\/schema.org","@graph":[{"@type":"WebPage","@id":"https:\/\/obandeirante.com.br\/?page_id=4436","url":"https:\/\/obandeirante.com.br\/?page_id=4436","name":"Editais - O Bandeirante","isPartOf":{"@id":"https:\/\/obandeirante.com.br\/#website"},"datePublished":"2020-10-08T14:17:11+00:00","dateModified":"2022-01-26T18:15:12+00:00","breadcrumb":{"@id":"https:\/\/obandeirante.com.br\/?page_id=4436#breadcrumb"},"inLanguage":"pt-BR","potentialAction":[{"@type":"ReadAction","target":["https:\/\/obandeirante.com.br\/?page_id=4436"]}]},{"@type":"BreadcrumbList","@id":"https:\/\/obandeirante.com.br\/?page_id=4436#breadcrumb","itemListElement":[{"@type":"ListItem","position":1,"name":"Home","item":"https:\/\/obandeirante.com.br\/"},{"@type":"ListItem","position":2,"name":"Editais"}]},{"@type":"WebSite","@id":"https:\/\/obandeirante.com.br\/#website","url":"https:\/\/obandeirante.com.br\/","name":"O Bandeirante","description":"O jornal de São Sebastião e Litoral Norte","potentialAction":[{"@type":"SearchAction","target":{"@type":"EntryPoint","urlTemplate":"https:\/\/obandeirante.com.br\/?s={search_term_string}"},"query-input":{"@type":"PropertyValueSpecification","valueRequired":true,"valueName":"search_term_string"}}],"inLanguage":"pt-BR"}]}</script>
<!-- / Yoast SEO plugin. -->

EDITAL DE CONVOCAÇÃO DAS ELEIÇÕES DE DIRETORES DA ASSOCIAÇÃO DOS PESCADORES DE BOIÇUCANGA, SÃO SEBASTIÃO-SP, PARA O TRIÊNIO 2022-2025 ASSOCIAÇÃO DOS PESCADORES DE BOIÇUCANGA As eleições para a escolha dos membros da Diretoria e do Conselho Fiscal, da Associação dos Pescadores de Boiçucanga, para mandato de 03 (três) anos, serão realizadas nos seguintes termos: Serão [&hellip;]

O jornal de São Sebastião e Litoral Norte
